 Let n be p(o). What is the highest common divisor of h and n?
3
Let k(r) = 201*r**2 + 8*r - 4. Let a be k(2). What is the greatest common factor of a and 48?
48
Let p be -2 - (-1 - -41)*-2. Let j be 3/(-7) + 0 + (-740)/(-28). What is the highest common factor of p and j?
26
Let c(k) = k**2 + 12*k + 7. Let f be c(5). Calculate the greatest common divisor of f and 46.
46
Suppose 16 = -4*j + 96. Let g = j + 24. Calculate the greatest common divisor of 4 and g.
4
Suppose 1246*y + 12444 = 1258*y. What is the highest common factor of 17 and y?
17
Let z = 12 + 21. Let j be (-1434)/22 - (-6)/z. Let l = 101 + j. What is the greatest common divisor of 90 and l?
18
Let x = -186 + 212. Calculate the highest common factor of 208 and x.
26
Suppose -w - 5*f + 30 = 4*w, 5*w + 3*f = 22. Let h be (-3 + -2)*(0/(-3) - w). What is the greatest common divisor of h and 20?
10
Suppose -9*w + 4*w = -75. Let p be (-5 - -8 - 1)*10. Let m = p + w. Calculate the highest common divisor of 14 and m.
7
Suppose 2*s = -2*t + 48 + 4, 4*t - 77 = 5*s. Suppose -2*d + 98 = -4*d. Let q = d - -72. Calculate the greatest common divisor of q and t.
23
Let d(j) = -j**3 + 28*j + 50. Let k be d(-10). What is the greatest common divisor of k and 77?
77
Let b = -108 + 64. Let h = 68 + b. What is the greatest common factor of h and 96?
24
Let n(k) = -8*k**3 - k**2 - 3*k - 1. Let t be n(-2). Calculate the highest common factor of t and 5.
5
Let l(c) = -2*c**2 - 45*c - 27. Let f be l(-17). Calculate the greatest common divisor of 10 and f.
10
Let r(c) = 6*c**3 + 3*c**2 + c - 5. Let z be r(5). What is the highest common divisor of 150 and z?
75
Let r(l) = 52*l + 13. Let i = -22 + 30. Let n be r(i). What is the highest common factor of n and 39?
39
Let r(m) be the second derivative of 5*m**4/12 + m**3/2 + 5*m**2/2 - 33*m. Let n be r(-2). What is the greatest common factor of n and 76?
19
Let b = -15 - -45. Suppose 7*q + b = 13*q. Calculate the greatest common divisor of 40 and q.
5
Suppose -8*a + 10*a - 696 = 0. Suppose -4*b + 0*v = -4*v - a, 5*b + v - 453 = 0. Calculate the highest common factor of 36 and b.
18
Suppose 0*x - 3*x = 5*m - 73, 5*x + 3*m = 143. Let o(i) = 2 + 0 - 32*i + x*i + 0. Let n be o(-9). Calculate the highest common divisor of n and 44.
11
Suppose 2*a + 16 = 8, -4*a = -2*h + 24. Let c be 102/27 - (-4)/18. Calculate the highest common divisor of h and c.
4
Suppose -3*b + 2*f - 1 = 0, 4*f = -3*b - 9 + 20. Let t(a) = 32*a + 4. Let r be t(b). Calculate the greatest common divisor of r and 36.
36
Let b be -4 - -2 - (-7)/(28/128). Let n(d) = -d + 120. Let m be n(0). Calculate the highest common factor of b and m.
30
Let m = 23 + -10. Let p = m - 1. Let n be -4 - (-34 + -1 + (-2)/(-2)). What is the highest common factor of n and p?
6
Let r(p) = -p**3 + 22*p**2 - 88*p - 38. Let f be r(16). What is the greatest common divisor of 2250 and f?
90
Suppose 2*x - 4*z - 2 = 0, -11 + 42 = 5*x + 3*z. Suppose x*m = -4*n + 48, m + 36 = 3*n - 0*m. What is the greatest common factor of 6 and n?
6
Let q(p) = 92*p - 16. Let w be q(4). What is the greatest common divisor of w and 64?
32
Suppose 5*c + 475 = -q + 4*q, 266 = -3*c - 2*q. Let p = 0 - c. What is the highest common divisor of 23 and p?
23
Let s(l) = -3 + 3 - 79*l + 1. Let k be s(-1). Let b = 10 - -6. Calculate the highest common divisor of b and k.
16
Let n be (540/70 - 8)/((-1)/42). What is the highest common divisor of 56 and n?
4
Let f = 371 - 352. Calculate the highest common factor of f and 209.
19
Let i = 129 - 86. Let w = i - 22. Calculate the greatest common divisor of w and 168.
21
Suppose 5*f - 21*f + 64 = 0. Suppose 4*g - 74 = -4*k + 1790, -3*k + 1862 = f*g. Calculate the highest common divisor of 58 and g.
58
Let d = 1678 + -1607. What is the greatest common factor of 1633 and d?
71
Let m = -1841 + 3361. Suppose 24*w - m = 19*w. What is the greatest common factor of 38 and w?
38
Let a be (-6 - -3) + (-6)/3 + 40. What is the greatest common divisor of 455 and a?
35
Let n be (161 - 25/(-5)) + -1 + 0. Suppose -d - 66 = -3*d + 5*p, -4*p = d - 33. What is the highest common factor of n and d?
33
Let s be (3 - 7)/(-4)*(1 - 1). Suppose -5*m - 5*m + 720 = s. Calculate the greatest common divisor of 8 and m.
8
Suppose -2*f - 2*f = -56. Let x = -21 + 36. Let b = x - f. What is the highest common factor of b and 4?
1
Let c(k) = -k**2 - 12*k + 12. Let y be c(-12). Let d(r) = r**3 - 3*r**2 + 9*r - 4. Let z be d(4). What is the greatest common divisor of y and z?
12
Suppose 1 = z - 1. Let c be (26/4 - -2)*z. What is the highest common factor of 187 and c?
17
Let b(v) = -29*v - 91. Let n be b(-13). Calculate the greatest common divisor of n and 44.
22
Let l = 451 - 359. Calculate the highest common divisor of 16 and l.
4
Let j be (-1 - 2)*-2*4. Suppose 0 = 4*f - 728 + j. Let v be 6 + f - -2*1. What is the highest common divisor of 23 and v?
23
Let u(t) = -3*t**2 + 2*t - 17. Let j be u(7). Let o = -78 - j. What is the greatest common factor of 18 and o?
18
Let h(q) = 16*q**2 - 4*q - 6. Let a(r) = r**2 + r - 17. Let t be a(-5). Let w be h(t). Calculate the greatest common factor of w and 9.
9
Let v = 47 - 32. Let f = 1045 + -562. Suppose -f + 3 = -4*y. What is the highest common divisor of v and y?
15
Let k(t) = -5*t - 38. Let y be k(-12). Suppose -105 = -27*r + y*r. Calculate the greatest common divisor of 231 and r.
21
Let n be 1*(-35)/7 - -67. What is the highest common factor of 217 and n?
31
Let y be (4 - -5)*(-1 - -43). What is the greatest common divisor of y and 54?
54
Let t be ((-3)/(-3))/(2/8). Let v(y) = -y**3 + 9*y**2 - 16*y + 20. Let z be v(7). Suppose 5*g = z*g - t. What is the highest common factor of g and 44?
4
Suppose 0 = -3*n - 55 + 217. Calculate the highest common factor of n and 2.
2
Suppose 4*j + 135 = 9*j. Suppose -2*g - 2*f = -38, -2*g + 4*f = 2*f - 34. Calculate the greatest common factor of g and j.
9
Let o(g) = 2*g**3 - 4*g**2 - 2*g**3 + g**3 - g**2 + 6 - 7*g. Let a be o(6). Suppose a = -2*v + 7*v - 110. Calculate the highest common factor of 110 and v.
22
Let v = 320 - 236. Calculate the greatest common divisor of v and 56.
28
Let v = 102 - 100. Let r be -5 - -12*(3 + v). Calculate the greatest common factor of 5 and r.
5
Suppose -4*u + 5 + 55 = 0. Suppose -z + 4*v = -1, -3*z + 3*v + 66 = 18. Let t = z - 6. What is the greatest common factor of u and t?
15
Suppose 529 = 2*n - k, -3*n + k = -752 - 43. Calculate the greatest common factor of 19 and n.
19
Let g = -21 + 19. Let y be -3*g/6 - -3. Calculate the greatest common factor of y and 20.
4
Suppose 5*z - 69 = 2*z. Suppose -c + z = p, 5*c = -5*p + p + 88. Let d be -2 - (-2 - -3) - -6. Calculate the highest common factor of p and d.
3
Let y be 12*(11/22)/(4/10). Calculate the highest common factor of y and 960.
15
Let y be (-3)/5*(2 - (-14)/(-2)). What is the greatest common divisor of y and 15?
3
Let v = 617 - 361. Let i = 617 - 585. What is the greatest common factor of v and i?
32
Let u be (-162)/4*((-14)/(-3) + -6). What is the highest common factor of u and 1530?
18
Let o(g) = -10*g + 61. Let p be o(5). Let d = 245 + -163. Let k be 6/(1 + d/(-88)). Calculate the greatest common factor of p and k.
11
Let z = -172 + 252. Suppose 2*k - z = 48. What is the greatest common divisor of k and 48?
16
Let a = -31 - -48. Suppose a*m = 15*m + 24. Let t be 4 - m/((-4)/(-1)). What is the greatest common divisor of 2 and t?
1
Let s = -598 + 680. What is the greatest common divisor of 123 and s?
41
Let i be ((-8)/4)/((-2)/20). Let v be ((-16)/i)/(2/(-5)). Let j(o) = o**3 + 9*o**2 - 10*o + 2. Let c be j(-10). Calculate the highest common factor of v and c.
2
Suppose 120 = 4*h + h + 5*j, -62 = -2*h + 5*j. Calculate the highest common divisor of 1378 and h.
26
Let z be -2*(-3 + 17588/(-8)). Let f be z/35 - 2/(-10). Let x be (-1)/(((-4)/(-56))/(-1)). Calculate the highest common factor of x and f.
14
Let c be ((-6)/(-9))/((-5)/(1380/8)). Let d = 128 + c. Calculate the greatest common factor of 15 and d.
15
Suppose 4*y + y - 55 = -5*f, -2*y - 3*f = -17. Suppose 0 = z - 261 - 167. Let t = z + -252. What is the greatest common divisor of t and y?
16
Let x be (-4)/6 - 6060/(-45). Let i = -46 + x. Calculate the highest common divisor of i and 8.
8
Let p = 30 - 58. Let f = -27 - p